hest common factor of 15065 and 3918280?
115
Calculate the highest common divisor of 187958342 and 1287.
143
What is the highest common factor of 473688 and 3179?
17
What is the greatest common factor of 100277640 and 75?
15
Calculate the greatest common divisor of 5765546 and 4572.
254
Calculate the highest common factor of 83782679 and 281.
281
What is the greatest common factor of 33 and 545492211?
33
What is the greatest common factor of 10 and 20340410?
10
What is the greatest common factor of 1368 and 9352522?
38
What is the highest common factor of 88216893 and 306?
153
Calculate the greatest common divisor of 19516 and 256972.
68
Calculate the greatest common divisor of 2418336 and 540.
108
What is the highest common divisor of 392 and 106754536?
392
Calculate the greatest common factor of 24 and 543936768.
24
Calculate the greatest common divisor of 17331024 and 150.
6
What is the highest common factor of 12054 and 72816?
246
Calculate the greatest common divisor of 2108 and 4805713.
527
What is the highest common factor of 26270962 and 1744?
218
What is the highest common divisor of 28 and 94165834?
14
What is the highest common divisor of 147820 and 118940?
380
Calculate the highest common divisor of 694425 and 690.
15
Calculate the highest common factor of 235431822 and 4632.
1158
Calculate the highest common factor of 70 and 147231210.
70
Calculate the greatest common factor of 1 and 24067788.
1
What is the highest common factor of 213561 and 115107?
183
Calculate the highest common divisor of 74079584 and 13568.
1696
What is the highest common divisor of 184 and 66527096?
8
Calculate the greatest common divisor of 12520 and 30370.
10
Calculate the highest common factor of 9 and 135134019.
9
Calculate the highest common factor of 407 and 24089516.
407
What is the greatest common divisor of 346869 and 11?
1
Calculate the greatest common divisor of 372692 and 8740.
92
Calculate the highest common divisor of 60 and 16847262.
6
What is the highest common divisor of 28 and 86532348?
28
What is the highest common divisor of 12809571 and 1763?
43
What is the highest common factor of 312 and 34057992?
24
What is the highest common factor of 270 and 139263840?
270
What is the highest common factor of 614215 and 9027270?
5635
What is the greatest common divisor of 11594668 and 552?
92
Calculate the highest common divisor of 88308 and 2029104.
396
What is the highest common divisor of 234144 and 7859?
271
Calculate the highest common divisor of 973532882 and 14.
14
What is the highest common divisor of 16816500 and 90576?
1332
Calculate the highest common divisor of 77 and 134361367.
7
What is the greatest common factor of 537030 and 6088095?
1755
What is the greatest common factor of 2257 and 16669470?
61
What is the highest common divisor of 3828 and 9029962?
58
What is the highest common factor of 17080053 and 4692?
1173
Calculate the greatest common divisor of 4787344 and 16.
16
Calculate the greatest common factor of 9568 and 17645784.
2392
What is the greatest common factor of 189577 and 32017?
101
Calculate the greatest common factor of 17668 and 120708.
28
What is the greatest common factor of 125430683 and 4298?
2149
Calculate the greatest common divisor of 17296 and 9506314.
2162
What is the highest common factor of 147 and 18327911?
49
What is the highest common divisor of 156451947 and 6882?
3441
Calculate the highest common divisor of 1119290705 and 65.
65
What is the greatest common divisor of 8 and 38551?
1
What is the highest common divisor of 458 and 23385022?
458
What is the highest common divisor of 6105728 and 56?
8
What is the highest common factor of 1128830 and 230?
10
What is the greatest common divisor of 6 and 31157170?
2
Calculate the highest common factor of 41571 and 2268.
9
Calculate the greatest common factor of 82191767 and 33464.
4183
Calculate the highest common divisor of 12576 and 5737512.
24
What is the greatest common divisor of 698337 and 153?
9
What is the highest common factor of 12427500 and 3000?
1500
What is the greatest common factor of 769868 and 106700?
44
What is the greatest common divisor of 152 and 42589412?
76
Calculate the greatest common divisor of 2210 and 115576370.
2210
What is the greatest common factor of 1895 and 18646421?
379
What is the highest common divisor of 86994 and 9301914?
3222
Calculate the greatest common factor of 3164 and 240912.
28
What is the highest common divisor of 2289 and 74286443?
763
Calculate the greatest common factor of 11067 and 29852.
17
What is the highest common factor of 21212631 and 906?
453
What is the highest common divisor of 347095 and 1885285?
1055
Calculate the greatest common divisor of 6323 and 694.
1
What is the greatest common factor of 72 and 5115231?
9
Calculate the highest common factor of 1152 and 26278272.
1152
What is the highest common divisor of 184000 and 1152576?
1472
What is the highest common divisor of 17239532 and 1544?
772
What is the highest common factor of 54 and 52756812?
54
What is the greatest common divisor of 70734002 and 62?
62
Calculate the highest common factor of 278141 and 4579.
19
Calculate the highest common factor of 2472 and 425048040.
2472
Calculate the highest common factor of 4840 and 191412320.
4840
Calculate the highest common divisor of 10836382 and 328.
82
What is the highest common divisor of 9843 and 11581539?
51
Calculate the greatest common factor of 428626 and 561.
11
Calculate the highest common factor of 177006669 and 14313.
1101
What is the greatest common divisor of 43455527 and 247?
19
Calculate the greatest common factor of 208 and 110987578.
26
Calculate the greatest common factor of 194 and 44211533.
97
What is the highest common divisor of 1202175 and 4355?
65
Calculate the highest common divisor of 343355152 and 112.
112
What is the greatest common divisor of 24319675 and 50?
25
Calculate the highest common factor of 171604881 and 28.
7
Calculate the greatest common divisor of 299842047 and 3429.
3429
Calculate the highest common factor of 7611 and 457305.
129
What is the highest common divisor of 602 and 17269144?
86
What is the highest common divisor of 310 and 2562088?
62
Calculate the highest common factor of 22357 and 53325.
79
What is the highest common divisor of 19822747 and 203?
203
Calculate the greatest common factor of 31 and 653728279.
31
Calculate the greatest common divisor of 5090 and 15751514.
1018
Calculate the greatest common divisor of 13806 and 43570674.
1062
What is the highest common divisor of 348414 and 8580?
66
What is the greatest common divisor of 379204 and 75719?
203
What is the greatest common factor of 138866 and 58100?
14
Calculate the greatest common divisor of 188325 and 7725375.
2025
Calculate the greatest common factor of 336 and 675152.
16
What is the highest common factor of 4722 and 5254?
2
What is the greatest common divisor of 1638 and 10372635?
819
Calculate the highest common divisor of 23908391 and 7748.
1937
Calculate the greatest common factor of 976 and 5006941.
61
What is the highest common factor of 810 and 31688?
2
Calculate the greatest common divisor of 844125 and 45375.
375
What is the highest common factor of 952 and 2887136?
56
What is the highest common factor of 5607 and 689787?
63
Calculate the highest common divisor of 272150 and 199450.
50
What is the greatest common divisor of 195 and 392552875?
65
Calculate the greatest common factor of 81 and 82972836.
81
What is the highest common divisor of 135742 and 126295?
67
Calculate the greatest common factor of 252 and 1124199.
9
What is the highest common factor of 845517297 and 14987?
2141
Calculate the highest common divisor of 22788 and 5980584.
2532
Calculate the greatest common divisor of 2971344 and 1122288.
4944
What is the greatest common factor of 87 and 5520063?
87
Calculate the highest common divisor of 896034 and 1161.
129
Calculate the greatest common factor of 6 and 155174346.
6
What is the greatest common factor of 161341632 and 810?
162
Calculate the highest common divisor of 20368984 and 161.
23
What is the highest common divisor of 28933346 and 962?
26
What is the highest common factor of 1626237 and 306?
153
What is the greatest common factor of 5134984 and 2